-31
What is the value of 12 - (89 + 9 + -41)?
-45
What is the value of (23 - (21 - -32)) + 42 - -1?
13
Evaluate 69 + (-14 - (-63 + 120)).
-2
Evaluate -25 + (-1 - -37) + 37 - 1.
47
-1285 + 1271 + (-31 - -1)
-44
What is the value of 38 + 23 + -1 + (133 - 157)?
36
Evaluate -14 + (-25 - (-12 - -3)) + (-2 - -8).
-24
Calculate -110 + (42 - 33 - 27) - (-11 + -2).
-115
Evaluate 5 + -53 + (4 - (8 - (-1 + -1 + 4))).
-50
What is the value of 47 + -3 - ((17 - (19 + -20)) + -28)?
54
What is the value of -9 + -9 + 67 - (-11 + 6 + -6 + 3)?
57
Calculate -32 - (36 - 60) - -44.
36
Calculate 419 + -459 - (-2 - 3).
-35
-46 - (-36 + (-16 - 25))
31
What is the value of -58 - (-1 - -3) - (-57 - (28 - 72))?
-47
Evaluate -8 - -10 - 0 - (-21 - -22) - (9 - -2).
-10
-5 + (1 - (8 - -58 - 17) - (-2 - -8))
-59
-173 + -28 + 113 - (-8 + 3 - (-1 + 1))
-83
What is the value of -16 + (7 - -7) + -7 - (36 + -11)?
-34
Evaluate (-105 - (-48 + -66)) + 0 + 42.
51
Evaluate 74 + -1 - ((13 - (-32 - -39)) + 5 + 0).
62
Calculate 11 - 5 - ((-9 - -3) + 42 + -19 + 46).
-57
What is the value of -9 + (34 - -75 - 60)?
40
What is 14 - (-140 + (-118 - -158))?
114
What is 48 + (-31 - 10) + -21?
-14
Calculate -4 + 32 + (201 - 310) + 18.
-63
Evaluate 44 - (28 + (12 - 16) + 9).
11
Calculate -20 - (1 - 33 - -4) - ((2 - 2) + 0).
8
What is -58 - (11 - (13 - 8)) - (-7 - -4 - -14)?
-75
Evaluate 27 - (0 + 17 + 4 + (-21 - (-3 - 8))).
16
Calculate 1 - 40 - (-199 + 51 + 101).
8
-9 + 20 + 5 - (-84 - -38)
62
What is the value of -20 + -34 + 32 + (8 - 6)?
-20
-10 + (-102 - (-73 + -4))
-35
What is -57 + 0 - (171 + -222 + 26)?
-32
Evaluate 71 - (83 - 55) - (1 - -18).
24
(-163 - -204) + (-12 - 58)
-29
What is the value of -5 - (-43 + 44 + -32)?
26
What is the value of -8 + -11 + 16 + -4 + 5?
-2
Calculate -21 - (259 + -261 - (0 - 7 - 0)).
-26
(14 - (11 + 16 + 0)) + -3 - 7
-23
Calculate (2 - 19) + 47 + -21 + -5.
4
Evaluate 39 - (-65 + 0 - -64).
40
What is the value of -5 - (8 + (7 - 18) + -3) - 25?
-24
31 + (0 - -14) + -8 + -1 + -2
34
Calculate -11 + (17 - 22 - -8) + (6 - 5 - -3).
-4
Calculate 93 + -81 + (-31 - 3 - -8).
-14
What is (-8 - (39 + -4)) + -5?
-48
What is 43 + (1 - (4 + 2) - (-21 - (-54 - -23)))?
28
What is (-30 - -18) + -10 + (0 - 4)?
-26
Calculate -36 - (-25 + (26 - (0 + 15))).
-22
Evaluate -9 + 1 + 0 + -55 + (95 - 26).
6
What is the value of -59 + 155 + -67 + (-7 - (-2 - -4 - 2))?
22
What is (-2093 - -1967) + 92 + -5?
-39
Calculate (9 - 3) + (-9 - -5) + (-29 - (-16 - -3)).
-14
Calculate 393 + -381 - (2 - -35).
-25
What is -9 + -6 - (32 - (-18 - -41))?
-24
-15 + 0 + (16 + (-12 - -6) - 6 - 11)
-22
What is (-5 - -24) + -25 + 69 + -22?
41
(156 + -129 - 19) + 59
67
What is the value of 12 + (26 - (6 + 53) - 2 - (-8 + 2))?
-17
-4 - ((38 + -35 - 21) + -64)
78
-45 + (30 - 15) + 3 + -46
-73
Calculate (39 - -1) + 24 + -59 + 19 + 1.
25
What is the value of -27 + -9 + (46 - 55) + 11 + 1?
-33
What is the value of -84 - (-37 - (-33 + 29))?
-51
Evaluate 15 + 0 + -28 + 12 + -21.
-22
What is -42 - ((3 - (-4 - -2)) + -118 + 117)?
-46
Calculate 1 + -9 + (5 - -1) + -5 + 9 - -45.
47
What is -2 - ((-19 - -6) + -1 + 22 + 1 - -96)?
-107
What is the value of 2079 + -2208 + 2 + 54?
-73
What is the value of -3 + 13 + -28 + -30 + 14 + 30?
-4
What is the value of -12 - ((5 - (3 + 9)) + 2) - (-38 - -164)?
-133
What is (-5 - 0) + 507 + -487 - -21?
36
What is 16 - 2 - (-14 + -59 + -18)?
105
Calculate -56 - (-61 - (-18 - -17)).
4
What is 39 - (-17 - -44) - (-30 + 5)?
37
(-18 - -12) + (61 - (-4 - (-5 + -3)))
51
What is 10 + -19 + 6 + -2 + 37?
32
Calculate (-86 - 7 - -56) + -4.
-41
Calculate -8 + 7 - 15 - (-49 + 2).
31
Evaluate 512 + -436 - (8 - (-12 - -6)).
62
Evaluate (-30 - -1) + (-1026 - -1028).
-27
Calculate 710 + -728 + 73 + -1 + 1.
55
40 + 65 + (-311 - -284)
78
What is (11 - -2) + 548 + -601?
-40
Calculate (0 - 19) + -62 + -31 + 96.
-16
What is the value of -82 - 12 - (22 - 86)?
-30
(-3 - (-4 - -14)) + 1 - (-43 - 45)
76
-17 + (90 - 20) - 20
33
31 + -1 + (4423 - 4571)
-118
-33 + (-45 - -144) + -38
28
Evaluate (-10 + -50 - -12) + (291 - 358).
-115
(50 - 24) + 91 - 68
49
Evaluate -13 + 2 + 2 + -2 - (25 + -49).
13
-42 + 191 - 71 - 114
-36
2 - (-24 + 17 + (-10 - -13))
6
What is the value of -16 + 4 + 11 + (18 - 34) - -16?
-1
What is -5 + 0 + (14 + -7 - 12) + 9 + 37?
36
(-29 - -40 - 25) + 8
-6
What is (0 - 0) + -3 - (14 - (-6 - (13 + -32)))?
-4
What is (1 - (-45 + 13)) + 17?
50
What is -117 + 42 + (-84 - -131)?
-28
Evaluate 1 - 121 - (130 + (-164 - -15)).
-101
Calculate (-12 - (-151 - -3 - -43)) + 0 + 5.
98
Evaluate -5 + (-14 + 20 + 2 - 15) + -9.
-21
-27 + (15 + 61 - -39)
88
(6 + 4 + -17 - 0) + 284 + -326
-49
Evaluate 945 + -1116 - (-73 - -5).
-103
What is 0 + 0 + (-205 - -195) + 4?
-6
Evaluate (30 - 126) + (0 - 6 - -4 - 2 - -11).
-89
Calculate (-1 + -3 - (13 - (1 + 8))) + 52 + -11.
33
Evaluate 30 + (-80 - 20) - (6 + (5 - 5) + 1).
-77
(46 - -2) + 33 + -28
53
(13 - (19 + 7 + 13)) + 24
-2
What is 21 + 21 + (-6 - 51) - -24?
9
What is the value of 40 + 2 + 4 + 125 + -129?
42
(14 - (15 - -69)) + -3 + -4 + 5 + -8
-80
-1 - -17 - (-79 + (37 - -50))
8
Evaluate -57 + (137 - 0) - 1.
79
Calculate (-117 - -14) + -75 + 53 + 69.
-56
What is the value of (26 - -6) + -28 + -10?
-6
Evaluate (7 + -7 - 89) + -28.
-117
What is -33 + (-21 - (32 + -51))?
-35
What is (-58 + 34 - (14 + -1)) + (23 - 44)?
-58
What is the value of -10 - (-3 + 2 + 7 + 6) - 7?
-29
What is the value of (1 - -13) + -1 + -1 + 53524 + -53628?
-92
What is 44 - (-7 + -1 - (1 + -16 - -4))?
41
Calculate (3 - (-9 + (16 - (-4 - -9)))) + -1 + -48.
-48
What is the value of 8 - 0 - (-514 - -570)?
-48
What is -59 + (-3 - -5 - (-13 - -4))?
-48
What is -7 + 37 + -5 - (-123 + 132)?
16
What is -5 - (28 - (8 + (6 - -3)))?
-16
(0 - 13) + (-75 - (82 - 161)) - -87
78
Calculate 23 - ((11 - 27) + 2 + 9).
28
Evaluate -17 + 40 + -9 + (-10 - 7).
-3
-45 - (70 - (-55 + 30 + 9))
-131
(-22 - (12 + -17) - 1) + 5
-13
Calculate -156 - (-139 - -169 - 189).
3
108 + -127 + -7 + -2
-28
What is the value of 8 - ((21 - 16 - 10) + -61 - -13)?
61
(26 - -4) + -5 - (8 + 6)
11
-6 + -25 + (4 - 1 - (-72 + 68))
-24
What is the value of (-15 - -1) + -6 + 11 + -5 + 63?
49
-11 - (496 - 483 - (1 - -8))
-15
What is the value of 38 - ((51 - 26) + 18) - (1 - 43)?
37
Evaluate -10 + 13 + (-5 - 9) - -9 - -60.
58
Calculate -5 + (116 + -4 - -4) + (15 - 10).
116
What is the value of 12 - (35 + (126 - 33)) - -22?
-94
Calculate -1 + -1 + (-126 + -2 + (-25 - -11) - -22).
-122
What is the value of -6 + 22 + -8 + -3 + -13 + -81?
-89
Evaluate 28 + 13 + (2 - 39).
4
(-6 - 6) + (-2 - (-17 - -3)) + (26 - 3)
23
-18 + 1 + 0 + 0 - (9808 - 9820)
-5
What is the value of (-3 - 4) + -3 + (-402 - -375)?
-37
Evaluate 2 - -7 - -4 - (4 + -1) - (17 - 22).
15
Calculate (99 - (42 - -19)) + (0 - (-1 - 3)).
42
Calculate 109 + (-9 - 60) + -61.
-21
What is 36 + -129 + 33 - -51?
-9
(-127 + 126 - -6) + 6 + -3 + (2 - -117)
127
Evaluate -9 + 10 + -5 - (-47 + 33 - -27).
-17
Calculate 27 + -133 + (-66 - -148).
-24
What is the value of -69 + -1 + -2 - -3 - (1272 - 1272)?
-69
Evaluate -20 + (-3 - 0 - 3) + 23.
-3
Evaluate -26 - -50 - 137 - (-22 + 8).
-99
What is 61 + 22 + -17 + -52 + -27 + 0?
-13
9 - (-52 - -68 - (4 + 8))
5
(-14 - -43) + -7 + 14
36
Evaluate -1 + (-36 - -42) + (4 - -1 - (16 - -7)).
-13
Evaluate -54 - (17 - (66 - 52)).
-57
Calculate (1327 - 1359) + (-8 + 18 - (-2 - 0)).
-20
Calculate (-55 - (-140 + 96) - (86 - -1)) + -18.
-116
What is the value of -140 - (55 - 123) - -6?
-66
What is (13 - (-2 + 7 - -11)) + -6 + 2 - -127?
120
Evaluate -117 - -83 - (0 - (-6 - -3)).
-37
Calculate (-1 - -1) + -5 + (205 - 148 - 69).
-17
What is the value of -8 - (5 - (4 + -3 + -3 + -6))?
-21
Calculate 78 - (-121 - (-250 - 62)).
-113
What is (-6 - 22) + (36 - 43) - -176?
141
What is -3 + 41 + 23 + (-53 - -44)?
52
36 + (-22 - 3) - 10
1
Evaluate 19 + -76 + (9 - -14 - (19 + 7 + -13)).
-47
(107 - (-7 - -78)) + 1 + -12
25
What is 157 - 162 - (-1 - -27)?
-31
Evaluate 44 - 294 - -66 - -84.
-100
Evaluate 15 + -18 + 1 - -47.
45
Calculate 1146 - 1126 - (38 + 2).
-20
What is the value of 7 - (9 + (-23 - -35))?
-14
What is (7 - 49) + (14 + (-3 - 8) - -9)?
-30
Calculate -47 + 48 + 54 + -11.
44
What is (44 - -8) + 8 + 16 + -22?
54
What is (-35 - (35 + -36)) + 7 + (0 - -5)?
-22
Evaluate -1 - (-1 -